me?
True
Let q(b) be the third derivative of b**5/15 + b**4/6 + b**3/3 + 7*b**2. Let p be q(4). Let d = p + -13. Is d a composite number?
True
Suppose 2*y - 4*a = 32, -3*a + 6*a = -12. Suppose -12*t + 64 = -y*t. Is 5/(-40) + 3378/t a composite number?
False
Let k = -5966 + 14385. Is k a prime number?
True
Let f = 60 - 56. Suppose -y = -f*x + 5176, -4*y = -2*x - x + 3882. Is x composite?
True
Suppose -18*t - 57994 = -230812. Is t a composite number?
False
Let m(y) = -76*y - 4. Let p be m(-3). Suppose p = -4*s + 5*s. Suppose -4*w = -s - 228. Is w composite?
False
Suppose -226824 = -42*g + 105018. Is g a composite number?
False
Suppose 2*z + 2*z + 20 = 0, 4*m = 2*z + 38. Let i(f) = -f + 29. Let t be i(29). Is m + -3 + -1 + t a prime number?
True
Let n(u) = 38 - 110 - 33*u + 50. Is n(-7) prime?
False
Let f = 36 - 34. Suppose 5*p + f*m = 2*p + 409, 281 = 2*p + 3*m. Is p a composite number?
True
Let q(j) = -j**2 - 7*j - 6. Let g be q(-6). Suppose -8*v + 85 = 9*v. Suppose v*l - 4*l - 67 = g. Is l a composite number?
False
Let d(y) = -y + 10. Let i be d(5). Suppose i*o - 446 = 299. Is o composite?
False
Suppose 0 = r + 4*a - 3473, -3*a + 6 + 6 = 0. Is r prime?
True
Let s = 26 - 29. Let f(h) = 33*h**3 - 12*h**2 - 2*h + 5. Let d(m) = 17*m**3 - 6*m**2 - m + 2. Let t(g) = s*f(g) + 5*d(g). Is t(-4) composite?
False
Let b(o) = -7 - 6*o + 3 - 26 + o**2. Is b(10) a composite number?
True
Let z(r) = 4*r**3 - 2*r**3 - 5 - r**2 + 2*r + 4 + 3*r**3. Let t be z(1). Suppose -1391 = -3*n - t*g, -5*n + 475 = -4*n - 4*g. Is n composite?
False
Suppose 3*l - 75105 - 42762 = 4*r, 3*r - 39302 = -l. Is l composite?
False
Suppose -57648 = -17*s + 46103. Is s a composite number?
True
Is 6/(-4) - 1228743/(-54) a composite number?
True
Let t = 867 + -95. Suppose 3*a - 2304 = -3*h, t = h - a - 2*a. Is h a prime number?
True
Suppose -3*p = 3*s - 1200, s + 2*p + 5 - 410 = 0. Is s a prime number?
False
Let x(d) = -d**3 + 15*d**2 + 4*d - 17. Let b(h) = 5*h**3 - 74*h**2 - 20*h + 85. Let w(n) = 2*b(n) + 11*x(n). Is w(15) a prime number?
False
Let a = 55 + -53. Is (1 - (-2 - a))/((-15)/(-20985)) prime?
False
Let r(y) = -2*y + 2. Let a be r(0). Suppose -a*t - 3 = d - 38, -12 = 4*d. Is t composite?
False
Let r(v) = -v**2 - v + 1. Let t(n) = -n**3 - 9*n**2 - 10*n - 8. Let k(a) = 2*r(a) - t(a). Let f be k(-6). Is (f - (-3 + 2)) + 188 a composite number?
True
Suppose -i + 3 = -1. Suppose -7*z - 3768 = -3*o - 2*z, 0 = i*o - 5*z - 5029. Is o a composite number?
True
Is (-6)/4 - -1 - 1482384/(-96) a composite number?
True
Let j = -2654 + 5721. Is j a composite number?
False
Suppose 3*n - 1728 = 4*v, 2*n - 6*n + 2304 = -3*v. Suppose -2*d = -0*d - 374. Let x = n - d. Is x composite?
False
Let d(h) = 98*h + 17. Let c(b) = -98*b - 16. Let r(t) = 6*c(t) + 5*d(t). Let v(z) = -z**3 - 8*z**2 - 7*z - 5. Let s be v(-7). Is r(s) composite?
False
Let h = -8 - -89. Let a be -5 + 4 - (-134 + 1). Let q = a - h. Is q prime?
False
Let w(y) = 28*y - 6. Let q be 287/21 + -5 + (-2)/3. Is w(q) a composite number?
True
Let m = -9 - 3. Suppose 3*g - 690 = 102. Is m/(-54) + g/27 composite?
True
Let t = -5427 - -9518. Is t a composite number?
False
Let q(m) = -m**3 + m**2 - 3*m - 4. Let p be q(3). Suppose 12*a = 998 - 314. Let z = a + p. Is z prime?
False
Let r(n) = n**2 + n - 4. Let m(z) = 5*z**2 + 3*z - 16. Let i(w) = 2*m(w) - 9*r(w). Let y be i(3). Suppose 0 = b - y - 3. Is b prime?
True
Let v(u) = 19*u**2 + 67*u - 167. Is v(33) a prime number?
False
Is (-3)/(-5*27/251595) composite?
False
Is -2*(-40)/(-16)*-1*22511 prime?
False
Suppose -l + 4*s = -2433, -3*s + 2*s = -2*l + 4859. Is l prime?
False
Is (-2)/(4573679/508189 - 9) a prime number?
True
Suppose -3*g + i = -1134, -5*i - 62 = 2*g - 835. Suppose -88 = 2*v + 24. Let k = g + v. Is k a prime number?
False
Let s be ((-14)/(-63))/((-1)/(-9)). Is 4383/18*(s - 0) composite?
False
Suppose 2*u = z + 80, 2*u - 31 = u + 5*z. Suppose 5*y - 183 = 2*w, -3*w - w = y - u. Is y composite?
False
Let g(w) = w**3 + 2*w**2 - 3*w - 2. Let v be g(-3). Let y(i) = 41*i**2 + 3*i. Is y(v) prime?
False
Let w(s) be the third derivative of s**5/60 + s**4/6 + 34*s**3/3 - 3*s**2. Is w(23) prime?
False
Let r = -2529 - -4217. Suppose 0 = 2*z - 2*f - r, 3*z - 4*f = -247 + 2782. Is z a prime number?
False
Is 30/90 + 5716/6 a composite number?
False
Suppose -54 = 3*o - b - 2*b, 0 = -5*o - 5*b - 50. Let i be 22/14 - (-8)/o. Is i/((2/(-79))/(-2)) a composite number?
False
Suppose -6*o + 4*o - 5*v + 31 = 0, o - 2*v = -7. Is (-1)/o*(-3 - (-41100)/(-5)) prime?
True
Let a(d) = -904*d**3 + 8*d**2 + 14*d + 3. Is a(-3) composite?
True
Is ((-319749)/(-6) - -4)/((-3)/(-6)) composite?
False
Let p = 22 - 24. Is 5895/12 - p/(-8) prime?
True
Let i(x) = -x - 12. Let g be i(-17). Suppose -g*j = -492 + 137. Is j prime?
True
Let p(r) = -r**2 - 2*r + 5. Let y be p(0). Let l(j) = -j**2 + 5*j - 1. Let m be l(y). Is (414/(-2) + 2)/m a prime number?
False
Suppose 5*a = 7*a - 362. Suppose 2*k = -3*w + a, -2*k + 0*k + 5*w + 141 = 0. Is k prime?
True
Let g = 99 + -90. Is (-110022)/(-18) - (-6)/g composite?
False
Let q = 669 + -465. Suppose 0 = -4*g - 4*a + 369 + 623, -2*g + 491 = -3*a. Let j = g + q. Is j composite?
True
Is ((-4310)/50)/((-6)/210) a prime number?
False
Let z = -24642 + 46345. Is z a prime number?
False
Let l(s) = -s**3 + 10*s**2 + 2*s - 15. Let x be l(10). Suppose -x*z = -6*z + 115. Is z prime?
False
Let f(u) = 3*u**2 + 4*u + 5. Suppose -13 + 5 = 2*q. Is f(q) a prime number?
True
Let w(f) = 4*f**3 - 10*f**2 - 3*f + 15. Let n be w(7). Let j be 613*(4/(-2) + 3). Let m = n - j. Is m a prime number?
True
Suppose -26*m = -14*m - 127068. Is m prime?
True
Suppose -12*j = 53266 - 413518. Is j a composite number?
True
Suppose 0 = 5*t + z - 5*z - 119265, -2*t - 5*z + 47673 = 0. Is t prime?
False
Is ((-156783)/6)/(-1)*2/1 composite?
True
Let o(v) = 81*v**3 + 7 - 7*v**2 + 2*v - 79*v**3 + 4*v. Is o(6) a composite number?
False
Let g be (0 + 1 - -1)*2. Suppose 5*f - 199 = g*f. Is f a composite number?
False
Let g(k) = -3*k**2 - 4 - k**3 + 3 + 2 + 4*k. Let t be g(-4). Is 94 + -9 + (-1 - t) composite?
False
Suppose 10*k = 3788 + 23642. Is k a prime number?
False
Is 8/6*(-483129)/(-12) a composite number?
False
Let f(j) = 776*j + 127. Is f(11) composite?
False
Suppose 4*o - 3*o - 6 = 0. Suppose -4*g + o = -2*g. Suppose 0 = g*f - 5*t - 84, -5*f - 2*t = 76 - 247. Is f prime?
False
Let w = -918 + 933. Is w prime?
False
Suppose -4*v - 1410 = -22. Let h = 3 - 45. Let w = h - v. Is w prime?
False
Is 9/18 + 13194/4 prime?
True
Suppose -3*n = 2*n - 5260. Let j be ((-612)/8 - -2)/(1/(-2)). Suppose -7*y = j - n. Is y a prime number?
False
Suppose 24260 = 3*r + 2*r. Suppose -4*p = -5*p - a + 1213, -4*p + 4*a = -r. Is p a composite number?
False
Let t = -30 + 17. Let o = 3 + t. Is (-1906)/(-10) - o/25 a composite number?
False
Let t = -21 - -22. Let a = 70 - t. Is a prime?
False
Let o = 2679 + -1634. Let p = 10 + o. Is p a composite number?
True
Let y = 20 + -16. Suppose -y*a + 82 = -58. Is a a prime number?
False
Let x be -3 + 21/3 - 4. Let b(a) = -a**3 - a**2 + 2*a + 868. Let z be b(x). Suppose 4*i = -0*i + z. Is i a composite number?
True
Let t = 51 + 26. Let r = 137 - t. Suppose -9*f + 5*f + 73 = -5*j, r = 3*f - 2*j. Is f a composite number?
True
Let y(d) = -d + 13. Let c be y(11). Let f be c/((-2)/(-4) - 0). Suppose 0*i + 3*i + 2*n = 3, -4*i = -f*n - 24. Is i prime?
True
Let v(u) = u**3 + 4*u**2 + 5*u + 6. Let z be v(-5). Suppose 5*g = -5*c - 1200, -2*c - 4*g + 0*g - 470 = 0. Let i = z - c. Is i a prime number?
False
Let k be (1 + 1)/(20/(-15) - -2). Suppose -4*h + 1168 = n, k*h - 914 + 51 = -4*n. Is h a prime number?
True
Let i = -2074 + 3564. Suppose 9*r = 4*r + i. Is r a composite number?
True
Let i(b) = -8*b**2 - 5*b + 14. Let l be i(9). Let t = -297 - l. Is t a composite number?
True
Suppose -2*z - 1998 = -3*y, -3*y = -4*z - z - 4986. Let u = -349 - z. Is u prime?
True
Let g = 4 - -20. Is (-4)/g*-670*3 a prime number?
False
Let n = 1113 - 412. Is n a composite number?
False
Let y(b) = 2*b**3 - 9*b**2 + b - 1. Let f be -1*2/4*4. Let c = 5 - f. Is y(c) a composite number?
False
Let l = 503722 + -345165. Is l a composite number?
True
Suppose 7*n = 24 - 10. Is (n/4)/((-6)/(-1884)) a composite number?
False
Let l = -49 - -